 + -16). Calculate the greatest common factor of 74 and b.
2
Let n be (-3 - 4124/(-20)) + 16/20. Let l = n + -192. What is the highest common factor of l and 84?
12
Suppose 3690 = 13*w - 28*w. Let v = w - -261. What is the highest common divisor of 70 and v?
5
Let y(m) = -m**3 - 6*m**2 + 15*m - 16. Let c = 103 - 113. Let r be y(c). What is the highest common divisor of 6 and r?
6
Suppose -125*l + 42*l + 67*l = -1296. Calculate the highest common divisor of l and 141.
3
Let v be (1/(-3))/((-4)/96). Suppose 2*i = v*i - 12. Suppose i*q - 86 = 4*c, 2*q - c - 44 - 36 = 0. Calculate the highest common divisor of 13 and q.
13
Suppose 0 = -4*y - u + 53, 0 = 4*y - 3*y + 2*u - 8. Let v(w) = -407*w**3 - 1. Let q be v(-1). What is the highest common factor of y and q?
14
Let p(q) = -q**3 - 13*q**2 - 24*q - 16. Let h be p(-11). Suppose -275*f + 273*f = -h. What is the greatest common divisor of f and 8?
1
Suppose -10*x = -5*x - 15, 5*x = 2*p - 81. What is the greatest common factor of 5352 and p?
24
Let l be 4*(-1)/(-10) - 92/5. Let g = l - -60. Suppose 2*m + 3*m + 10 = 0, -4*a = -5*m - g. What is the greatest common factor of a and 8?
8
Suppose 0*g - 121 = -2*g + 5*x, -33 = -g - 3*x. Suppose 0*c = -2*c + 54. Let y = g - c. Calculate the greatest common factor of y and 21.
21
Suppose -147*g = -150*g + 9. Suppose 4*y - g*h = -49 - 201, h + 2 = 0. Let x = 107 - y. What is the greatest common factor of 19 and x?
19
Let c(g) = 355*g**2 - 1523*g + 13. Let x be c(6). Calculate the greatest common factor of 85 and x.
85
Let k = 24044 + -23980. Calculate the highest common divisor of k and 352.
32
Let d = 2679 + -2657. Calculate the highest common factor of 22 and d.
22
Let o(i) = -521 + 250 + 2*i**2 + 2*i + 272. Let k be 0/1 - (1 + 1). Let j be o(k). Calculate the greatest common divisor of 20 and j.
5
Let f(r) = 15*r**2 - 96*r - 10. Let a(g) = 23*g**2 - 144*g - 14. Let s(u) = -5*a(u) + 8*f(u). Let t be s(10). What is the highest common factor of 110 and t?
10
Let l be (19 - 0)*(-24)/(3 - 6). Let a be -12 - 328/(-32) - 5486/(-8). Calculate the highest common factor of l and a.
76
Let l(b) = -b**2 + 26*b + 999. Let s be l(-21). What is the greatest common divisor of s and 33?
3
Let u be (-216)/(-11) + (-140)/(-385). Let w(r) = -r + 16. Let v be w(8). What is the greatest common divisor of v and u?
4
Let q(n) = 2*n**2 - 2*n + 196. Let h be q(21). What is the highest common factor of h and 20?
4
Let g = 4808 - 3318. What is the greatest common divisor of 30 and g?
10
Suppose 5748 + 38673 = 221*q. Calculate the greatest common divisor of q and 15.
3
Let t(g) = g**3 + 7*g**2 - 2*g + 3. Let l be t(-7). Suppose -5*a + 1565 - 370 = -5*f, 0 = 3*a - 4*f - 718. Calculate the greatest common divisor of l and a.
17
Suppose 2*v - 1 - 3 = i, 5*v = 3*i + 7. Suppose 5*l + 1800 + 1725 = -5*f, -2*l = 6. Let g be (-2 - 0)/(18/f). Calculate the highest common factor of i and g.
6
Let y be (5184/(-14))/(-8)*1274/273. Let v(d) = d**3 + 6*d**2 - 8*d - 1. Let b be v(-7). What is the greatest common factor of b and y?
6
Let w(l) be the third derivative of 5*l**4/12 - 17*l**3/6 + 18*l**2. Let g be w(4). Suppose 624 = 5*h + 164. What is the highest common factor of h and g?
23
Let i = -2 + 4. Suppose -4*p - 80 = -20*p. Suppose 0 = -2*j + 4*h + 28, -i*j + 3*j - p*h = 23. What is the highest common factor of j and 20?
4
Let a(d) = 44*d**3 + 2*d**2 + 7*d - 8. Let h be a(1). What is the greatest common divisor of 1055 and h?
5
Suppose -2573 = -6226*b + 6195*b. What is the highest common divisor of b and 20335?
83
Let t be (3 - 3/2) + 263/2. Let f be (5 + -3)/((-12)/(-456)). What is the greatest common factor of f and t?
19
Let v = 14141 - 14085. What is the highest common divisor of 413 and v?
7
Suppose -173 = 4*x + 143. Let y be (x/7 - -7)*-7. What is the highest common factor of y and 130?
10
Let p = -12398 - -12458. What is the highest common factor of p and 2370?
30
Let i = -22 - -87. Suppose 0 = -5*q - i - 70. Let s = q + 37. Calculate the highest common factor of s and 40.
10
Let c be (-6)/(-4 - 18/(-4)). Let q = c + 14. Suppose -210 = -2*s + 5*f, 5*s = q*f + f + 487. What is the greatest common factor of 19 and s?
19
Suppose -4*k - 3*r + 4 = 0, 5*k - 3*r + 13 - 45 = 0. Suppose j - 13 = -k. Suppose 55*a - 5533 = -43*a + 641. What is the greatest common divisor of j and a?
9
Let u = -89 + 108. Let s(o) = -o**2 + 30*o - 83. Let c be s(u). Let y be 7*-1*(0 + -2). Calculate the greatest common factor of c and y.
14
Suppose p - 6954 = -3*y, -1546 = 4*p - 1582. Calculate the greatest common factor of 5 and y.
5
Suppose -6*m - 20 = -2*m, -q - 2*m = 4. Suppose 6*w + 8 = 68. Calculate the greatest common factor of q and w.
2
Suppose -5*h + 9*h = 64. Suppose h*d = 7*d - 9. Let k be 4 + 18 + d + 4/(-2). Calculate the greatest common divisor of 76 and k.
19
Let z(g) = -g**2 - 8*g - 1. Let t be z(-6). Let a = t - 6. Let o(l) = -l**2 - 126*l - 2364. Let c be o(-23). Calculate the highest common divisor of a and c.
5
Suppose -2*l - 971 = 3*s, -354 = -2*s + l - 992. Let k = 417 + s. Calculate the greatest common divisor of k and 624.
48
Let k = 1496 + 2157. What is the greatest common factor of 39 and k?
13
Let j(d) = 11*d + 168. Let p be j(0). Let w = -160 + p. What is the greatest common divisor of w and 14?
2
Let r(m) = -m**2 + 2*m + 4. Let s be r(0). Suppose 0 = -8*g + s*g + 236. Calculate the highest common divisor of 177 and g.
59
Let f(d) = d**3 + 14*d**2 + 24*d + 14. Let k be (12/15)/((-7)/105 - 0). Let v be f(k). Calculate the greatest common factor of v and 98.
14
Let s be 3 + -3 + 29 - -1. Let b = -1 - -3. Let n be (-19 + b - 1)*(-16)/24. What is the highest common divisor of n and s?
6
Let y be (-3862)/(-21) - 378/(-3969). What is the greatest common factor of 391 and y?
23
Let s = 97 + -41. Suppose 1 = v, -5*m + 3*v + 8 = s. Let n be (-15)/m*(12 - 6). Calculate the highest common divisor of 90 and n.
10
Suppose 2*q = 4*f - 108, 3*f - 81 = q - 2*q. Let u(s) = -22*s**2 - 332*s - 27. Let m be u(-15). What is the greatest common factor of f and m?
3
Let l = 1115 - 1087. Calculate the greatest common factor of l and 1498.
14
Let x(w) = 6*w**2 - 84*w + 354. Let p be x(4). Calculate the greatest common divisor of 18 and p.
6
Suppose -2*q + 66 = -46. Suppose 5*l - 16 = 2*l - t, 3*l - 28 = -4*t. Let k be l - (6 + -2 - 7). Calculate the highest common divisor of q and k.
7
Let q = 1300 - 1240. What is the greatest common factor of 1240 and q?
20
Let h(i) = -4*i - 43. Let q be h(-11). Suppose o + 16 = a + 5*o, -16 = -4*a - 4*o. Let p be -8*q*(a - 2). Calculate the highest common factor of 24 and p.
8
Let l = -19704 + 20084. Let h(c) = 9*c**2 + 1. Let t be h(1). Calculate the highest common divisor of l and t.
10
Let d be 201 - (4*(-5)/(-50))/((-3)/30). Calculate the highest common divisor of 2911 and d.
41
Let j = 0 - 20. Let b = j - -17. Let y be (-11)/((-10)/(-4) + b). Calculate the highest common factor of 33 and y.
11
Suppose 0 = -2*d + 5*x + 2870, -12*d = -15*d + 2*x + 4294. What is the highest common factor of 66 and d?
22
Suppose 4*l - 25 = -5*o, l + 6*o - 15 = 3*o. Let g be (l - -1)*(17 + -3). Calculate the greatest common divisor of g and 126.
14
Suppose -h - 5 = -2*q, 5*h - 4 - 1 = -5*q. Suppose q*k - 7 = 31. Calculate the greatest common factor of 323 and k.
19
Let w = -245 + -24. Let t be w/(-6) - 5/(-30). Suppose 1342 - 1252 = 5*q. What is the highest common divisor of t and q?
9
Let d(y) = -2*y**2 + 21*y + 34. Suppose 14 = -j + 25. Let f be d(j). Suppose -f = 3*z - 101. What is the greatest common factor of 52 and z?
26
Let x = 3534 - -1110. Calculate the greatest common divisor of 81 and x.
27
Let h(t) = 215*t - 707. Let y be h(4). Let o = -145 - -208. Calculate the highest common factor of y and o.
9
Let i(l) = l**3 - 4*l**2 - 80*l - 101. Let x be i(-6). What is the highest common divisor of 57 and x?
19
Let d = 179 + -176. Suppose -4*m = d*m - 42. Suppose 4*f = -w + 5, 9 + 5 = w - 5*f. What is the greatest common factor of w and m?
3
Let k(f) = -f**2 - 12*f - 2. Let j be k(-10). Suppose 118 = j*y + 46. What is the greatest common divisor of y and 32?
4
Let p be 8700/90 - (2/(-5))/((-36)/60). Calculate the highest common divisor of p and 42.
6
Let r(o) = o**2 - 14*o + 5. Let k be r